 = -188 + 182. What is the tens digit of 919 + (2 - -5) + s?
2
Suppose -6 - 36 = -7*f. What is the units digit of (-1335)/(-8) + f/48?
7
Let o(f) = 295*f + 454. What is the hundreds digit of o(3)?
3
Suppose -8*j = -2*j + 5910. Let g = 1421 + j. What is the hundreds digit of g?
4
Let r(j) = -329*j**3 + 330*j**3 - j**2 - 1 - 2*j**2 + 6*j + 0. What is the units digit of r(8)?
7
Let w = -42 - -43. Suppose -5*z = -4*g + 4, -15 = g + 3*z + w. What is the units digit of (-235)/(-5) + g/1?
3
Suppose -b + 24568 = 3*n, 5*n - n + 5*b - 32772 = 0. What is the thousands digit of n?
8
What is the units digit of -2*(-15 - 78591/17)?
6
Let y(s) = s**2 - 9*s - 6. Let o be y(10). Suppose 4*p - 7*c - 1471 = -12*c, o*p = 3*c + 1447. What is the units digit of p?
4
Let f be (4 + -4)/((-8)/2). Suppose f = 240*h - 225*h - 20010. What is the thousands digit of h?
1
Let v(z) = -z**2 + 18*z - 74. Let o be v(9). What is the tens digit of (5/(-10))/(o/(-20454))?
6
Let z(q) = -q**3 - 2*q**2 - q - 2. Let c be z(-4). Suppose -c*f + 3963 = -31*f. What is the hundreds digit of f?
3
Suppose -79*d - z + 50847 = -76*d, 0 = 4*d - z - 67803. What is the ten thousands digit of d?
1
Suppose -4 = -64*f + 68*f. Let l be 16*(0 - (f + 186/(-4))). Suppose -u = -6*u + l. What is the tens digit of u?
5
Suppose 92*n + 366723 - 1978700 - 322047 = 0. What is the units digit of n?
2
Let w = 21 + -17. Suppose -w*a = -0*a - 24. Let m = 93 + a. What is the tens digit of m?
9
Suppose -s = -12 + 37. Let p = s - -16. What is the units digit of (5 - (9 + 3))*p?
3
Suppose -22594 = 48*x - 42*x - 214570. What is the thousands digit of x?
1
Suppose -39*k + 38*k = -1155. Let z = k - 358. What is the tens digit of z?
9
Let r(y) = -4*y**3 + 4*y + 3. Let z be r(-2). Suppose 57 = 2*t + v - 6, z = t - 4*v. Suppose -5*m + 106 = t. What is the units digit of m?
5
Let c(s) = 446*s**3 + 39*s**2 - 103*s - 19. What is the hundreds digit of c(3)?
0
Let z(m) = 119*m**2 - 38*m - 156. What is the hundreds digit of z(-7)?
9
Suppose -6*l + 1860 + 2274 = 0. Let t = l + -377. What is the units digit of t?
2
Suppose 0 = 3*n - 5 - 4. Suppose -2*o = 6, 2*t + 2 = o - n*o. Suppose 5*p - 1134 = -2*m + 138, -p = t*m - 248. What is the units digit of p?
6
Let i = 37530 - -4081. What is the ten thousands digit of i?
4
Let b(h) = -h**3 + 121*h**2 + 223*h - 2797. What is the units digit of b(121)?
6
Let t(v) = 11753*v - 1914. What is the units digit of t(5)?
1
Suppose 15*h + 5330 = 995. Let q = 759 - h. What is the tens digit of q?
4
Let p(r) = 1782*r**2 - 242*r - 1098. What is the thousands digit of p(-5)?
4
Suppose -28*p - 253741 = -2008333. What is the thousands digit of p?
2
Let z be 2 - -1 - (-35)/(-2 + 7). Suppose 2 = -z*o + 142. Let p(u) = u**3 - 13*u**2 - 8*u + 29. What is the tens digit of p(o)?
1
Suppose 2*u + 5260 = -3*s + 15889, 5*s - u = 17689. What is the hundreds digit of s?
5
Suppose -23*c - 17*c = -4030797 + 787637. What is the thousands digit of c?
1
Suppose -s + 7 = -h - 335, -4*s + 1026 = -3*h. Let v be (h/72)/((-1)/8). Let r = v + 30. What is the units digit of r?
8
Let w be 1/4 - (-13)/(-52). Suppose l = -2*a + a + 371, w = 3*a + l - 1115. What is the units digit of a?
2
Let q = -37 - -60. Suppose -27*j + 488 = -q*j. Suppose 0 = 2*a - 5*x - j, a + 2*x - 108 = -a. What is the tens digit of a?
5
Suppose 4*g - 2*i - 85 = 3*i, -5 = 5*i. What is the tens digit of (150/g - 6)/((-3)/(-460))?
3
Let i = -58016 - -88462. What is the thousands digit of i?
0
Let t(w) = -2*w**3 - 8*w**2 - 22*w - 24. Let p(n) = 5*n**3 + 15*n**2 + 45*n + 47. Let u(k) = 3*p(k) + 7*t(k). What is the tens digit of u(14)?
9
Let y(g) be the first derivative of -7*g**4/24 - 2*g**3/3 + 17*g**2/2 + 17. Let a(q) be the second derivative of y(q). What is the tens digit of a(-9)?
5
Suppose 4*w - 4 = 0, 0*w = 4*r + w - 5841. Suppose -13*z + r + 399 = 0. What is the tens digit of z?
4
Suppose -3*q = 4*o - 295, 3*q - 43 = 3*o - 280. Let m be (-2)/(-14) - 4/(-28)*o. Suppose -217 = -2*t + m. What is the tens digit of t?
1
Suppose -219*d + 80 = -235*d. Suppose 10 = q + 4*q + 5*c, -c = 5*q - 14. What is the units digit of (d/q)/(917/231 + -4)?
5
Let u = 70 + -54. Suppose -u + 8 = 2*m. What is the hundreds digit of 2/m*(-314)/(3 + -2)?
1
Let m(l) = 34169*l**3 + 46*l**2 - 50*l + 5. What is the tens digit of m(1)?
7
Let i(c) = c**3 + 3*c**2 + c + 2. Let s be i(-3). Let t be (30 + 1)/(s/(-4)*2). Suppose 5*b - 3*f - 216 = t, -108 = -2*b - 2*f. What is the units digit of b?
5
Let b(u) = 50*u**2 - 10*u + 32. Let f be b(-13). Suppose 19*l = f + 7196. What is the units digit of l?
2
Let f be (-36)/(-27)*(-3 + -3). What is the tens digit of (130 - f)*1 + -9?
2
Suppose 4*a + 1023 = -1729. Let k be a/(-12) + 1*(-8)/6. Suppose 0 = 8*i - 464 + k. What is the units digit of i?
1
Let f = 24 - 20. Suppose -6*j + 10 = -f*j. Suppose -2*g = 4*o - 182, 5*o - j*g - 240 = 10. What is the tens digit of o?
4
Suppose -3*r + 44284 = -k, -5*r = -2*k - 18139 - 55669. What is the hundreds digit of r?
7
Suppose t - 8 = -0*t. Let s(o) = 2*o**3 - 14*o**2 + 35*o - 8. What is the units digit of s(t)?
0
Let k = 11682 - 7146. What is the hundreds digit of k?
5
Let c be (-261)/(-15) + 3/(30/(-4)). Suppose -4*l = c*l - 8232. What is the hundreds digit of l?
3
Suppose 42*p + 101085 - 346983 = 4*p. What is the tens digit of p?
7
Suppose -5*m - 20 = -0*m, 2*j - 2*m = 28. Suppose 9*p - j*p = -18. What is the tens digit of p?
1
Let w = 763 - 283. Let z = w - 164. What is the units digit of z?
6
Let c = -49 - -58. Suppose c*q = -q + 830. Suppose 0 = 8*m - 117 - q. What is the tens digit of m?
2
Suppose 2*g - 20777 = 2*b + 6101, 5*b - 53783 = -4*g. What is the ten thousands digit of g?
1
Let p(v) = -1146*v - 1974. What is the thousands digit of p(-20)?
0
Let y = 22642 + -6355. What is the thousands digit of y?
6
What is the thousands digit of 10 + 625996/21 + (-50)/15 + 3?
9
Let g(r) be the second derivative of 0*r**3 + 0 - 1/12*r**4 + 2*r + 14*r**2. What is the units digit of g(0)?
8
Suppose -13*y = -9*y - 8. Suppose -2*s + 3*b + 489 = y*b, -b - 735 = -3*s. Let j = -148 + s. What is the units digit of j?
8
Suppose 0 + 7 = -r. Suppose t - 18*o - 1 = -22*o, t = 6*o + 51. What is the hundreds digit of ((-102)/2)/(r/t)?
1
Let h = 386 - 164. Suppose h = 7*p - 282. What is the tens digit of p?
7
Let p(i) = -14*i**2 + 15*i - 42. Let h(w) = -15*w**2 + 14*w - 42. Let j(u) = 4*h(u) - 5*p(u). What is the hundreds digit of j(8)?
5
Let z be -4 + 4 + 20/5. Suppose 1 = -z*m + 2*m - 3*j, 2*m = 2*j + 4. What is the hundreds digit of (-690)/(-25)*1*(m - -4)?
1
Suppose -29 = 2*q - 57. Suppose -3*s + 0*s = 9, 0 = -5*j - 4*s - 2. Suppose -3*l + j*l = -q. What is the units digit of l?
4
Let l be 260/(-312) + 10750/12. Let v = l + -475. What is the units digit of v?
0
Let x = 1652 + -2829. Let p = x + 1787. Suppose 2*b - 247 = -c, -2*b - 3*b - c = -p. What is the tens digit of b?
2
Suppose 4*o - 55518 = -11*a + 12*a, 4*a = 5*o - 69414. What is the units digit of o?
8
Let d(k) = 4*k**2 + 19*k - 26. Let q(p) = -2*p**2 - 10*p + 13. Let m(j) = 4*d(j) + 7*q(j). Let h be m(-7). Let g = h - 34. What is the units digit of g?
9
Let r be (4 + (-80)/30)/(2/3). Suppose 0*l - 2007 = -3*l - q, 2*l - 1334 = -r*q. What is the hundreds digit of l?
6
Suppose 4*u = -5*o + 1445, 2*u - 3*u = o - 361. What is the units digit of (25/(-4) - 2)/((-10)/u)?
7
Let t(k) = k**3 - 5*k**2 - 4*k - 11. Let z be t(6). Let j(f) = -6*f**2 + 3*f**2 + 5*f**2 + 2*f**3 + 2 - 2*f - f**2. What is the units digit of j(z)?
3
Let n = 89104 - 63277. What is the tens digit of n?
2
Let m = -4185 + 6945. Suppose -48*b = -53*b + m. What is the tens digit of b?
5
Let b be (-335759)/(-213) - (5/(-3) - -1). Let y = b - 1024. What is the hundreds digit of y?
5
What is the thousands digit of (18887 - 1) + (1*6)/((-294)/(-196))?
8
Suppose 5*y + 2*a - 47150 = 0, 0 = -9*y + 14*y + 5*a - 47135. Suppose 9*g + 9*g = y. What is the hundreds digit of g?
5
Let u = 44 + -94. Let o = 46 + u. What is the tens digit of (92 - (4 + o)) + 1 + 1?
9
Suppose 20*s - 12880 = 4*s. Let c = s - 355. What is the units digit of c?
0
Let u be (1 + -1)*((-1 - -2) + -2). Suppose u = 2*w + 5*n - 214, -3*n = -4*w + 438 - 36. Suppose -5*t + w + 123 = 0. What is the units digit of t?
5
Let f(n) = 73*n**3 - 42*n